 = 2*c**2 + 20*c + 7. Let w(o) = 5*q(o) + 2*y(o). Let k be w(-9). What is the tens digit of ((-115)/(-15))/(1/k)?
2
Let o be 265/20 - (-2)/(-8). Let q(u) = u**3 - 12*u**2 - 12*u - 15. Let f be q(o). What is the units digit of f/(-8) - 15/(-4)?
4
Suppose 898*b - 897*b - 1224 = 0. What is the hundreds digit of b?
2
Suppose 64*b = 69*b - 20. Let t(l) = 29*l + 13. What is the tens digit of t(b)?
2
Suppose -20*d + 25*d = 0. Suppose d = 3*v - 3*g - 63, -4*v + 3*v + 2*g = -26. What is the tens digit of v?
1
Let n be (-2)/1*(-18)/12. Suppose 0 = o + o - 2*k - 6, -n*o - k = -1. Suppose j - 11 = -o. What is the tens digit of j?
1
Let y = 216 - 215. What is the units digit of y?
1
Let l(b) = -6*b + 5. Suppose 4*a = -h + 13, -3*a + 3*h - 11 = -8*a. Suppose a = -2*i + i. What is the tens digit of l(i)?
2
Let n(x) = 8*x - 9. Let h be n(-8). What is the units digit of (-12)/6 + (0 - h)?
1
Let y = 50 + -52. What is the tens digit of 48/(-21) - y - 900/(-14)?
6
Let c be (1020/(-36))/((-1)/3). Suppose c = 2*v - 37. What is the tens digit of v?
6
Let t(c) = 0*c + 2*c**2 + 2*c**2 + 1 + 1 - 3*c. What is the tens digit of t(4)?
5
Let i be -1 + 5*(11 + -4). What is the units digit of (-2)/(-3) + i/3?
2
Suppose -56*g = -61*g + l + 1946, -2*g - 5*l + 800 = 0. What is the hundreds digit of g?
3
Let s(l) = 2*l**3 - l**2 - 10*l - 4. Let h be s(6). Suppose 0 = m - 3*m - 5*w + 160, -4*w = 4*m - h. What is the tens digit of m?
8
Let b(v) = -6*v**2 - 13*v + 25. Let z be b(6). Let w = -178 - z. What is the tens digit of w?
9
Let a(k) = 3*k. Let p be a(-4). What is the units digit of ((-4)/p)/((-1)/(-165))?
5
Let z(a) = -4*a**2 - a + 7. Let q be z(0). Suppose q*p - 114 = 180. What is the tens digit of p?
4
Suppose 0 = 5*d - 5*c - 30, -10 = -5*d - 5*c - 30. Let l = -4 - -4. What is the tens digit of 14 + 2 - (l - d)?
1
Let v(g) be the third derivative of 3*g**4/8 - 19*g**3/6 + 10*g**2. What is the hundreds digit of v(20)?
1
Let p = 77 - 75. Suppose -4*b + 155 = 3*n, -28 = -p*b + 5*n + 69. What is the units digit of b?
1
Let m = -404 - -778. Suppose 18*i = 7*i + m. What is the tens digit of i?
3
What is the tens digit of 4*(-10)/(-140) + 6879/7?
8
Suppose 11*b = 15*b - 888. Suppose -u + 7*a - 2*a + b = 0, -514 = -2*u - 4*a. What is the units digit of u?
7
What is the tens digit of (0 + 1 + -476)*8/(-20)?
9
Let v(t) = -t**3 - t**2 + 3*t - 4. Let l be v(-3). Suppose 0 = g - l*g - 96. Let f = 46 + g. What is the tens digit of f?
2
Suppose 5*t - 9 = 2*v - 46, 5*t + 3*v = -32. Let d = t + 55. What is the tens digit of d?
4
Suppose -f = 3*h - 30, 5*h - 2*h = -2*f + 30. What is the units digit of 394/h + (-6)/15?
9
Let j(g) = -15 - 6*g + 22*g - 9*g. What is the tens digit of j(9)?
4
Let o(n) = 31*n**2. Let s be o(-1). Suppose 0 = v + 4*u + 1, 4*v - u - 16 = s. Suppose 0 = 3*l + 2*l - j - 125, -l + 3*j = -v. What is the units digit of l?
6
Let k = 13 - 26. Let j = 6 + k. Let x = j - -12. What is the units digit of x?
5
Let n(b) = 10*b**2 + 10*b**2 - b + 2 - 4*b**2. What is the units digit of n(2)?
4
Let q = 3686 + -1178. What is the tens digit of q?
0
Suppose 4*c - 4476 = -2*k - 80, 0 = 3*c + 5*k - 3304. What is the units digit of c?
8
Suppose 5*o = o + 16. Suppose o*a + i - 314 = 542, 5*i = 4*a - 856. What is the hundreds digit of a?
2
Let l(d) = d**3 - 5*d**2 - 8*d + 10. Let t be l(7). Suppose -5*b + 268 = 4*c + 10, -c + t = -5*b. What is the units digit of c?
2
Let o = 52 + -72. Let b = o - -63. What is the tens digit of b?
4
Let w(u) = u**2 - 1. Let k(v) = -57*v**2 + v + 6. Let s(y) = -k(y) - 5*w(y). What is the units digit of s(-1)?
2
Let y(v) = 2*v + 36. Suppose -8 = -2*l, -4*l = 3*h - l - 36. Let b = 8 - h. What is the units digit of y(b)?
6
Let h = 1400 + -943. What is the tens digit of h?
5
Suppose 0 = -l + 5*d + 17, 3 = -5*d - 2. Let g(h) = -3*h + 0*h - l - 4*h. What is the units digit of g(-6)?
0
Let t(l) = 2*l**3 + l - 6. Let r be t(3). What is the units digit of 221/r*24/2?
2
Suppose -4*v + 3111 = 5*b, 32*b - 34*b - 1542 = -2*v. What is the tens digit of v?
7
Let k(c) = 9*c**2 + 13*c - 58. What is the tens digit of k(8)?
2
Let a = -368 + 2241. What is the units digit of a?
3
Let v(g) = -2*g**2 + 24*g - 17. Let z be v(11). Suppose 0*k - n = -4*k + 350, -z*k - 3*n + 446 = 0. What is the tens digit of k?
8
Suppose 3*y = -5*p - 74 - 129, 3*p = 4*y + 319. What is the tens digit of -5 - y/16 - (-3435)/12?
8
Suppose -8*n = -10*n + 170. Suppose -b - 5*o = -69, -2*b = -5*o - 38 - n. What is the units digit of b?
4
Let y(o) = -o + 10. Let r be y(8). Suppose 5*h - 13 = r. Suppose -66 = -h*p + 15. What is the units digit of p?
7
Suppose -160 = 5*h - 545. What is the units digit of h?
7
Suppose -2*v = -2*c + 8 - 2, v + c = 7. Suppose 2*d = 0, 2*a - 6 = v*d + 3*d. What is the units digit of a?
3
Suppose 0 = -t - 1 + 6. Suppose 5*h + 35 = 3*w + 2*w, -t*h + 1 = -2*w. What is the tens digit of (-324)/(-8)*8/w?
2
Suppose 63 = 5*j + 4*j. What is the tens digit of (4 - j)/(3/(-19))?
1
Suppose 444 = 3*x - 5*k, -86 = 3*x - 4*k - 533. Suppose 121 = w - x. What is the hundreds digit of w?
2
Suppose 4*l - 240 = -2*l. Suppose 48*v - 50*v = -l. What is the units digit of v?
0
Let m be 10/45 + (-68)/(-18). Let c = m - -1. Suppose 4*p + 21 = c*p. What is the units digit of p?
1
Suppose -320 = -2*f + 3*o, -8*f + 4*f + 680 = 4*o. What is the tens digit of f?
6
Let f(o) = o - 2. Let n be f(12). Suppose 0 = -n*a - 13 + 463. What is the units digit of a?
5
Suppose -3*y - 125 = 5*i + 2*y, i - 2*y = -10. Let k be (-3)/((-57)/i + -3). What is the tens digit of (56/5)/(4/k)?
5
Let w(p) = -p**2 - 132*p + 159. What is the hundreds digit of w(-58)?
4
Suppose -5*y + 677 = 5*l - 1543, -2*y = -3*l - 913. What is the hundreds digit of y?
4
Let p(x) = -23*x**3 + 4*x**2 + 4*x + 2. Let k be 16/120 - (-32)/(-15). What is the hundreds digit of p(k)?
1
Let b = 1540 + -585. What is the tens digit of b?
5
Let i = -405 - -787. Suppose 11*l - 608 = i. What is the tens digit of l?
9
Let s(m) = -m**3 + 6*m**2 - 2*m - 7. Let n be s(4). Suppose 4*u + 30 = 5*o, 17 = -4*o - 4*u + 77. Let y = n - o. What is the units digit of y?
7
Let r be (-595)/(-136) - (-3)/(-8). Suppose -v = -r*y - y - 88, 2*y = -2*v + 152. What is the tens digit of v?
7
Let d(g) = 4*g - 7. Let i(n) = n. Let o(p) = 3*d(p) + 15*i(p). What is the hundreds digit of o(6)?
1
Let l(s) = -2*s + 63. Let o(m) = m - 21. Let j(c) = 4*l(c) + 11*o(c). What is the tens digit of j(14)?
6
What is the units digit of 4 - (40/50)/(2/(-950))?
4
Let i(o) = 18*o**2 + 5*o**2 - 7*o**2 + 5 + 4*o + 4. What is the hundreds digit of i(-3)?
1
Let z(c) = 9*c**2 - 22*c**2 + 14*c**2 - 4 + 12*c. Let a be z(-11). What is the units digit of (20/(-6))/(a/90)?
0
Suppose 2 = 4*w - 2. Let i = 75 + w. What is the units digit of i?
6
Let f = 3204 + 580. What is the thousands digit of f?
3
Suppose 4*v + 5*c = 644 + 1249, -c - 1396 = -3*v. What is the tens digit of v?
6
Let z(o) = o**2 - 15*o - 13. Let p be z(17). Let y = 37 + p. What is the units digit of y?
8
Suppose 11 = -4*q - 77. Let l = 13 - q. Suppose l = 6*n - n. What is the units digit of n?
7
Let x = 23 - -11. Let a = x + 71. What is the hundreds digit of a?
1
Let g(x) be the third derivative of x**5/30 - x**4/6 - x**3/3 + 3*x**2. Let d be g(4). Suppose 2*i = 10 + d. What is the tens digit of i?
1
Suppose 2*m = -m + d + 7, d - 7 = -4*m. Suppose 3*o - 1053 = -3*i - m*i, -i - 2*o = -212. What is the tens digit of i?
1
Let c(u) = u**2 - 4*u - 5. Let b be 2/11 + (-6)/33. Suppose b = 7*v + 6 + 22. What is the units digit of c(v)?
7
Let h be -2*(40/4 + 1). Let y = -18 - h. Suppose 0 = -y*c + a + 59, 4*c - 2*a + 7*a = 65. What is the units digit of c?
5
Let m = -74 + 165. Suppose 3*q - m = -2*x, 2*x - 3*q - 2*q - 131 = 0. Suppose 14 = -3*z + x. What is the tens digit of z?
1
Let y(j) = -j - 7. Let w be y(-6). Let i = w - -4. Suppose -2*d = 5*t - 4*d - 60, 27 = 3*t - i*d. What is the units digit of t?
4
Suppose 3*m - 10 - 2 = 0. Let p(i) = 2*i**2 - 3*i + 9. Let t(k) = 2*k**2 - 2*k + 8. Let v(h) = m*t(h) - 3*p(h). What is the units digit of v(-4)?
3
Let x(q) = -q**3 + 11*q**2 + 13. Let a be x(11). Let k = a + -7. Suppose -2*s + k = -6. What is the units digit of s?
6
Let v(t) be the second derivative of t**4/4 - t**3/2 + t**2 - 13*t. What is the tens